{"id":382,"date":"2020-06-28T00:09:13","date_gmt":"2020-06-27T22:09:13","guid":{"rendered":"https:\/\/toolbox4sii.fr\/?page_id=382"},"modified":"2020-06-28T00:18:14","modified_gmt":"2020-06-27T22:18:14","slug":"telechargements","status":"publish","type":"page","link":"https:\/\/toolbox4sii.fr\/index.php\/telechargements\/","title":{"rendered":"T\u00e9l\u00e9chargements"},"content":{"rendered":"\n<p>Pour l&rsquo;instant, deux machines virtuelles sont en phases de tests (pourquoi 2 ? la r\u00e9ponse est <a href=\"https:\/\/toolbox4sii.fr\/index.php\/faq\/?Display_FAQ=147\" target=\"_blank\" rel=\"noreferrer noopener\">ici<\/a>) :<\/p>\n\n\n\n<ul><li>Une version 32 bits appel\u00e9e Caterpillar :<ul><li>lien dropbox : <a rel=\"noreferrer noopener\" href=\"https:\/\/www.dropbox.com\/s\/ikcwjmmvhqny8yz\/Toolbox4SII_carterpillar32.ova?dl=1\" target=\"_blank\">https:\/\/www.dropbox.com\/s\/ikcwjmmvhqny8yz\/Toolbox4SII_carterpillar32.ova?dl=1<\/a><\/li><li>lien torrent : <a href=\"https:\/\/www.dropbox.com\/s\/bh7fta713foe3lg\/Toolbox4SII_carterpillar32.torrent?dl=1\" target=\"_blank\" rel=\"noreferrer noopener\">https:\/\/www.dropbox.com\/s\/bh7fta713foe3lg\/Toolbox4SII_carterpillar32.torrent?dl=1<\/a><\/li><\/ul><\/li><li>Une version 64 bits appel\u00e9e Butterfly :<ul><li>lien dropbox : <a rel=\"noreferrer noopener\" href=\"https:\/\/www.dropbox.com\/s\/mgz58o7uaa2xb4d\/Toolbox4SII_butterfly64.ova?dl=1\" target=\"_blank\">https:\/\/www.dropbox.com\/s\/mgz58o7uaa2xb4d\/Toolbox4SII_butterfly64.ova?dl=1<\/a><\/li><li>lien torrent : <a rel=\"noreferrer noopener\" href=\"https:\/\/www.dropbox.com\/s\/447dbi975a9hwox\/Toolbox4SII_butterfly64.torrent?dl=1\" target=\"_blank\">https:\/\/www.dropbox.com\/s\/447dbi975a9hwox\/Toolbox4SII_butterfly64.torrent?dl=1<\/a><\/li><\/ul><\/li><\/ul>\n\n\n\n<p>Ces machines virtuelles ne sont pas l\u00e9g\u00e8res, mais le but est de tester le maximum de logiciels avant le d\u00e9veloppement de la version d\u00e9finitive. Si vous rencontrez un probl\u00e8me quelconque, n&rsquo;h\u00e9sitez pas \u00e0 remplir un <a rel=\"noreferrer noopener\" href=\"https:\/\/toolbox4sii.fr\/index.php\/nouveau-bug\/\" target=\"_blank\">rapport de bug<\/a>, nous ferons ce qui est en notre pouvoir pour corriger le probl\u00e8me ou pour vous aider \u00e0 trouver une solution.<\/p>\n\n\n\n<p>Si vous n&rsquo;\u00eates pas habitu\u00e9 \u00e0 utiliser des machines virtuelles avec VirtualBox, nous avons mis en place un <a rel=\"noreferrer noopener\" href=\"https:\/\/toolbox4sii.fr\/index.php\/wiki-toolbox4sii\/demarrage-rapide\/\" target=\"_blank\">guide de d\u00e9marrage<\/a> pour vous aider.<\/p>\n\n\n\n<p>La version d\u00e9finitive sera constitu\u00e9e du <a rel=\"noreferrer noopener\" href=\"https:\/\/toolbox4sii.fr\/index.php\/faq\/?Display_FAQ=158\" target=\"_blank\">minimum possible<\/a>, les autres logiciels seront install\u00e9s au cas par cas par les utilisateurs gr\u00e2ce \u00e0 une interface simplifiant les proc\u00e9dures d&rsquo;installation. Bien s\u00fbr, un professeur pourra proposer \u00e0 ses \u00e9tudiants une version plus compl\u00e8te qu&rsquo;il aura pris soin de pr\u00e9parer en amont.<\/p>\n\n\n\n<p>Des versions d\u00e9riv\u00e9es populaires pourront \u00eatre mis \u00e0 disposition directement sur le site si elles atteignent un consensus suffisant.<\/p>\n","protected":false},"excerpt":{"rendered":"<p>Pour l&rsquo;instant, deux machines virtuelles sont en phases de tests (pourquoi 2 ? la r\u00e9ponse est ici) : Une version 32 bits appel\u00e9e Caterpillar : lien dropbox : https:\/\/www.dropbox.com\/s\/ikcwjmmvhqny8yz\/Toolbox4SII_carterpillar32.ova?dl=1 lien torrent : https:\/\/www.dropbox.com\/s\/bh7fta713foe3lg\/Toolbox4SII_carterpillar32.torrent?dl=1 Une version 64 bits appel\u00e9e Butterfly : lien dropbox : https:\/\/www.dropbox.com\/s\/mgz58o7uaa2xb4d\/Toolbox4SII_butterfly64.ova?dl=1 lien torrent : https:\/\/www.dropbox.com\/s\/447dbi975a9hwox\/Toolbox4SII_butterfly64.torrent?dl=1 Ces machines virtuelles ne sont pas l\u00e9g\u00e8res, &#8230; <a title=\"T\u00e9l\u00e9chargements\" class=\"read-more\" href=\"https:\/\/toolbox4sii.fr\/index.php\/telechargements\/\" aria-label=\"En savoir plus sur T\u00e9l\u00e9chargements\">Lire la suite<\/a><\/p>\n","protected":false},"author":2,"featured_media":0,"parent":0,"menu_order":0,"comment_status":"closed","ping_status":"closed","template":"","meta":{"om_disable_all_campaigns":false,"_monsterinsights_skip_tracking":false,"_monsterinsights_sitenote_active":false,"_monsterinsights_sitenote_note":"","_monsterinsights_sitenote_category":0},"aioseo_notices":[],"_links":{"self":[{"href":"https:\/\/toolbox4sii.fr\/index.php\/wp-json\/wp\/v2\/pages\/382"}],"collection":[{"href":"https:\/\/toolbox4sii.fr\/index.php\/wp-json\/wp\/v2\/pages"}],"about":[{"href":"https:\/\/toolbox4sii.fr\/index.php\/wp-json\/wp\/v2\/types\/page"}],"author":[{"embeddable":true,"href":"https:\/\/toolbox4sii.fr\/index.php\/wp-json\/wp\/v2\/users\/2"}],"replies":[{"embeddable":true,"href":"https:\/\/toolbox4sii.fr\/index.php\/wp-json\/wp\/v2\/comments?post=382"}],"version-history":[{"count":3,"href":"https:\/\/toolbox4sii.fr\/index.php\/wp-json\/wp\/v2\/pages\/382\/revisions"}],"predecessor-version":[{"id":386,"href":"https:\/\/toolbox4sii.fr\/index.php\/wp-json\/wp\/v2\/pages\/382\/revisions\/386"}],"wp:attachment":[{"href":"https:\/\/toolbox4sii.fr\/index.php\/wp-json\/wp\/v2\/media?parent=382"}],"curies":[{"name":"wp","href":"https:\/\/api.w.org\/{rel}","templated":true}]}}